{"version":"1.0","provider_name":"Evangelisten-Lukas-Hospiz in Cieszyn","provider_url":"https:\/\/www.hospicjumcieszyn.pl\/de\/","author_name":"Daria Czardybon","author_url":"https:\/\/www.hospicjumcieszyn.pl\/de\/author\/daria\/","title":"Graficznie zaanga\u017cowani - Evangelisten-Lukas-Hospiz in Cieszyn","type":"rich","width":600,"height":338,"html":"<blockquote class=\"wp-embedded-content\" data-secret=\"9BYeMLSxCX\"><a href=\"https:\/\/www.hospicjumcieszyn.pl\/de\/graficznie-zaangazowani\/\">Graficznie zaanga\u017cowani<\/a><\/blockquote><iframe sandbox=\"allow-scripts\" security=\"restricted\" src=\"https:\/\/www.hospicjumcieszyn.pl\/de\/graficznie-zaangazowani\/embed\/#?secret=9BYeMLSxCX\" width=\"600\" height=\"338\" title=\"&#8222;Graficznie zaanga\u017cowani&#8220; &#8211; Evangelisten-Lukas-Hospiz in Cieszyn\" data-secret=\"9BYeMLSxCX\" frameborder=\"0\" marginwidth=\"0\" marginheight=\"0\" scrolling=\"no\" class=\"wp-embedded-content\"><\/iframe><script>\n\/*! This file is auto-generated *\/\n!function(d,l){\"use strict\";l.querySelector&&d.addEventListener&&\"undefined\"!=typeof URL&&(d.wp=d.wp||{},d.wp.receiveEmbedMessage||(d.wp.receiveEmbedMessage=function(e){var t=e.data;if((t||t.secret||t.message||t.value)&&!\/[^a-zA-Z0-9]\/.test(t.secret)){for(var s,r,n,a=l.querySelectorAll('iframe[data-secret=\"'+t.secret+'\"]'),o=l.querySelectorAll('blockquote[data-secret=\"'+t.secret+'\"]'),c=new RegExp(\"^https?:$\",\"i\"),i=0;i<o.length;i++)o[i].style.display=\"none\";for(i=0;i<a.length;i++)s=a[i],e.source===s.contentWindow&&(s.removeAttribute(\"style\"),\"height\"===t.message?(1e3<(r=parseInt(t.value,10))?r=1e3:~~r<200&&(r=200),s.height=r):\"link\"===t.message&&(r=new URL(s.getAttribute(\"src\")),n=new URL(t.value),c.test(n.protocol))&&n.host===r.host&&l.activeElement===s&&(d.top.location.href=t.value))}},d.addEventListener(\"message\",d.wp.receiveEmbedMessage,!1),l.addEventListener(\"DOMContentLoaded\",function(){for(var e,t,s=l.querySelectorAll(\"iframe.wp-embedded-content\"),r=0;r<s.length;r++)(t=(e=s[r]).getAttribute(\"data-secret\"))||(t=Math.random().toString(36).substring(2,12),e.src+=\"#?secret=\"+t,e.setAttribute(\"data-secret\",t)),e.contentWindow.postMessage({message:\"ready\",secret:t},\"*\")},!1)))}(window,document);\n<\/script>\n","description":"Nasze Hospicjum zosta\u0142o zaproszone do udzia\u0142u w projekcie &#8220;GRAFICZNIE ZAANGA\u017bOWANI&#8221;, kt\u00f3ry odby\u0142 si\u0119 pomi\u0119dzy 13 a 17 maja w \u015al\u0105skim Zamku Sztuki i Przedsi\u0119biorczo\u015bci w Cieszynie. W ramach warsztat\u00f3w studenci z Polski, S\u0142owacji, Finlandii i W\u0119gier przygotowali po spotkaniu w lokalu na ul. W\u0105skiej r\u00f3\u017cne projekty m.in.: torby, kubki, koszulki, plakaty, pami\u0119tnik, tablice informacyjne. B\u0119dziemy ... Weiterlesen","thumbnail_url":"https:\/\/www.hospicjumcieszyn.pl\/wp-content\/uploads\/2013\/05\/100_7432-363x272.jpg"}

Graficznie zaangażowani - Evangelisten-Lukas-Hospiz in Cieszyn

<blockquote class="wp-embedded-content" data-secret="9BYeMLSxCX"><a href="https://www.hospicjumcieszyn.pl/de/graficznie-zaangazowani/">Graficznie zaangażowani</a></blockquote><iframe sandbox="allow-scripts" security="restricted" src="https://www.hospicjumcieszyn.pl/de/graficznie-zaangazowani/embed/#?secret=9BYeMLSxCX" width="600" height="338" title="&#8222;Graficznie zaangażowani&#8220; &#8211; Evangelisten-Lukas-Hospiz in Cieszyn" data-secret="9BYeMLSxCX" frameborder="0" marginwidth="0" marginheight="0" scrolling="no" class="wp-embedded-content"></iframe><script>
/*! This file is auto-generated */
!function(d,l){"use strict";l.querySelector&&d.addEventListener&&"undefined"!=typeof URL&&(d.wp=d.wp||{},d.wp.receiveEmbedMessage||(d.wp.receiveEmbedMessage=function(e){var t=e.data;if((t||t.secret||t.message||t.value)&&!/[^a-zA-Z0-9]/.test(t.secret)){for(var s,r,n,a=l.querySelectorAll('iframe[data-secret="'+t.secret+'"]'),o=l.querySelectorAll('blockquote[data-secret="'+t.secret+'"]'),c=new RegExp("^https?:$","i"),i=0;i<o.length;i++)o[i].style.display="none";for(i=0;i<a.length;i++)s=a[i],e.source===s.contentWindow&&(s.removeAttribute("style"),"height"===t.message?(1e3<(r=parseInt(t.value,10))?r=1e3:~~r<200&&(r=200),s.height=r):"link"===t.message&&(r=new URL(s.getAttribute("src")),n=new URL(t.value),c.test(n.protocol))&&n.host===r.host&&l.activeElement===s&&(d.top.location.href=t.value))}},d.addEventListener("message",d.wp.receiveEmbedMessage,!1),l.addEventListener("DOMContentLoaded",function(){for(var e,t,s=l.querySelectorAll("iframe.wp-embedded-content"),r=0;r<s.length;r++)(t=(e=s[r]).getAttribute("data-secret"))||(t=Math.random().toString(36).substring(2,12),e.src+="#?secret="+t,e.setAttribute("data-secret",t)),e.contentWindow.postMessage({message:"ready",secret:t},"*")},!1)))}(window,document);
</script>

Nasze Hospicjum zostało zaproszone do udziału w projekcie &#8220;GRAFICZNIE ZAANGAŻOWANI&#8221;, który odbył się pomiędzy 13 a 17 maja w Śląskim Zamku Sztuki i Przedsiębiorczości w Cieszynie. W ramach warsztatów studenci z Polski, Słowacji, Finlandii i Węgier przygotowali po spotkaniu w lokalu na ul. Wąskiej różne projekty m.in.: torby, kubki, koszulki, plakaty, pamiętnik, tablice informacyjne. Będziemy ... Weiterlesen
