{"version":"1.0","provider_name":"Evangelisten-Lukas-Hospiz in Cieszyn","provider_url":"https:\/\/www.hospicjumcieszyn.pl\/de\/","author_name":"Daria Czardybon","author_url":"https:\/\/www.hospicjumcieszyn.pl\/de\/author\/daria\/","title":"Konferencja w Cz\u0119stochowie - Evangelisten-Lukas-Hospiz in Cieszyn","type":"rich","width":600,"height":338,"html":"<blockquote class=\"wp-embedded-content\" data-secret=\"WDxmXknCqI\"><a href=\"https:\/\/www.hospicjumcieszyn.pl\/de\/konferencja-czestochowie\/\">Konferencja w Cz\u0119stochowie<\/a><\/blockquote><iframe sandbox=\"allow-scripts\" security=\"restricted\" src=\"https:\/\/www.hospicjumcieszyn.pl\/de\/konferencja-czestochowie\/embed\/#?secret=WDxmXknCqI\" width=\"600\" height=\"338\" title=\"&#8222;Konferencja w Cz\u0119stochowie&#8220; &#8211; Evangelisten-Lukas-Hospiz in Cieszyn\" data-secret=\"WDxmXknCqI\" frameborder=\"0\" marginwidth=\"0\" marginheight=\"0\" scrolling=\"no\" class=\"wp-embedded-content\"><\/iframe><script>\n\/*! This file is auto-generated *\/\n!function(d,l){\"use strict\";l.querySelector&&d.addEventListener&&\"undefined\"!=typeof URL&&(d.wp=d.wp||{},d.wp.receiveEmbedMessage||(d.wp.receiveEmbedMessage=function(e){var t=e.data;if((t||t.secret||t.message||t.value)&&!\/[^a-zA-Z0-9]\/.test(t.secret)){for(var s,r,n,a=l.querySelectorAll('iframe[data-secret=\"'+t.secret+'\"]'),o=l.querySelectorAll('blockquote[data-secret=\"'+t.secret+'\"]'),c=new RegExp(\"^https?:$\",\"i\"),i=0;i<o.length;i++)o[i].style.display=\"none\";for(i=0;i<a.length;i++)s=a[i],e.source===s.contentWindow&&(s.removeAttribute(\"style\"),\"height\"===t.message?(1e3<(r=parseInt(t.value,10))?r=1e3:~~r<200&&(r=200),s.height=r):\"link\"===t.message&&(r=new URL(s.getAttribute(\"src\")),n=new URL(t.value),c.test(n.protocol))&&n.host===r.host&&l.activeElement===s&&(d.top.location.href=t.value))}},d.addEventListener(\"message\",d.wp.receiveEmbedMessage,!1),l.addEventListener(\"DOMContentLoaded\",function(){for(var e,t,s=l.querySelectorAll(\"iframe.wp-embedded-content\"),r=0;r<s.length;r++)(t=(e=s[r]).getAttribute(\"data-secret\"))||(t=Math.random().toString(36).substring(2,12),e.src+=\"#?secret=\"+t,e.setAttribute(\"data-secret\",t)),e.contentWindow.postMessage({message:\"ready\",secret:t},\"*\")},!1)))}(window,document);\n<\/script>\n","description":"W dniach\u00a024-26 stycznia 2014 odby\u0142a si\u0119\u00a0XVIII Pielgrzymka Hospicj\u00f3w Polskich na Jasn\u0105 G\u00f3r\u0119. Nie zabrak\u0142o na niej tak\u017ce naszych wolontariuszy. Do Cz\u0119stochowy pojecha\u0142y Dorota Kania, Joanna Piotrowska-Cie\u015blar, Krystyna Sikora i Jolanta P\u0142onka. Wolontariuszki wzi\u0119\u0142y udzia\u0142 w cyklu wyk\u0142ad\u00f3w i warsztat\u00f3w na tematy zwi\u0105zane z rozwojem medycyny paliatywnej w kraju i za granic\u0105, a tak\u017ce o historii ... Weiterlesen","thumbnail_url":"https:\/\/www.hospicjumcieszyn.pl\/wp-content\/uploads\/2014\/01\/240120141263.jpg","thumbnail_width":410,"thumbnail_height":308}

Konferencja w Częstochowie - Evangelisten-Lukas-Hospiz in Cieszyn

<blockquote class="wp-embedded-content" data-secret="WDxmXknCqI"><a href="https://www.hospicjumcieszyn.pl/de/konferencja-czestochowie/">Konferencja w Częstochowie</a></blockquote><iframe sandbox="allow-scripts" security="restricted" src="https://www.hospicjumcieszyn.pl/de/konferencja-czestochowie/embed/#?secret=WDxmXknCqI" width="600" height="338" title="&#8222;Konferencja w Częstochowie&#8220; &#8211; Evangelisten-Lukas-Hospiz in Cieszyn" data-secret="WDxmXknCqI" frameborder="0" marginwidth="0" marginheight="0" scrolling="no" class="wp-embedded-content"></iframe><script>
/*! This file is auto-generated */
!function(d,l){"use strict";l.querySelector&&d.addEventListener&&"undefined"!=typeof URL&&(d.wp=d.wp||{},d.wp.receiveEmbedMessage||(d.wp.receiveEmbedMessage=function(e){var t=e.data;if((t||t.secret||t.message||t.value)&&!/[^a-zA-Z0-9]/.test(t.secret)){for(var s,r,n,a=l.querySelectorAll('iframe[data-secret="'+t.secret+'"]'),o=l.querySelectorAll('blockquote[data-secret="'+t.secret+'"]'),c=new RegExp("^https?:$","i"),i=0;i<o.length;i++)o[i].style.display="none";for(i=0;i<a.length;i++)s=a[i],e.source===s.contentWindow&&(s.removeAttribute("style"),"height"===t.message?(1e3<(r=parseInt(t.value,10))?r=1e3:~~r<200&&(r=200),s.height=r):"link"===t.message&&(r=new URL(s.getAttribute("src")),n=new URL(t.value),c.test(n.protocol))&&n.host===r.host&&l.activeElement===s&&(d.top.location.href=t.value))}},d.addEventListener("message",d.wp.receiveEmbedMessage,!1),l.addEventListener("DOMContentLoaded",function(){for(var e,t,s=l.querySelectorAll("iframe.wp-embedded-content"),r=0;r<s.length;r++)(t=(e=s[r]).getAttribute("data-secret"))||(t=Math.random().toString(36).substring(2,12),e.src+="#?secret="+t,e.setAttribute("data-secret",t)),e.contentWindow.postMessage({message:"ready",secret:t},"*")},!1)))}(window,document);
</script>

W dniach 24-26 stycznia 2014 odbyła się XVIII Pielgrzymka Hospicjów Polskich na Jasną Górę. Nie zabrakło na niej także naszych wolontariuszy. Do Częstochowy pojechały Dorota Kania, Joanna Piotrowska-Cieślar, Krystyna Sikora i Jolanta Płonka. Wolontariuszki wzięły udział w cyklu wykładów i warsztatów na tematy związane z rozwojem medycyny paliatywnej w kraju i za granicą, a także o historii ... Weiterlesen
