{"version":"1.0","provider_name":"Evangelisten-Lukas-Hospiz in Cieszyn","provider_url":"https:\/\/www.hospicjumcieszyn.pl\/de\/","author_name":"Daria Czardybon","author_url":"https:\/\/www.hospicjumcieszyn.pl\/de\/author\/daria\/","title":"Kulig dla dzieciak\u00f3w - Evangelisten-Lukas-Hospiz in Cieszyn","type":"rich","width":600,"height":338,"html":"<blockquote class=\"wp-embedded-content\" data-secret=\"H6EgIWD8PM\"><a href=\"https:\/\/www.hospicjumcieszyn.pl\/de\/kulig-dla-dzieciakow\/\">Kulig dla dzieciak\u00f3w<\/a><\/blockquote><iframe sandbox=\"allow-scripts\" security=\"restricted\" src=\"https:\/\/www.hospicjumcieszyn.pl\/de\/kulig-dla-dzieciakow\/embed\/#?secret=H6EgIWD8PM\" width=\"600\" height=\"338\" title=\"&#8222;Kulig dla dzieciak\u00f3w&#8220; &#8211; Evangelisten-Lukas-Hospiz in Cieszyn\" data-secret=\"H6EgIWD8PM\" frameborder=\"0\" marginwidth=\"0\" marginheight=\"0\" scrolling=\"no\" class=\"wp-embedded-content\"><\/iframe><script>\n\/*! This file is auto-generated *\/\n!function(d,l){\"use strict\";l.querySelector&&d.addEventListener&&\"undefined\"!=typeof URL&&(d.wp=d.wp||{},d.wp.receiveEmbedMessage||(d.wp.receiveEmbedMessage=function(e){var t=e.data;if((t||t.secret||t.message||t.value)&&!\/[^a-zA-Z0-9]\/.test(t.secret)){for(var s,r,n,a=l.querySelectorAll('iframe[data-secret=\"'+t.secret+'\"]'),o=l.querySelectorAll('blockquote[data-secret=\"'+t.secret+'\"]'),c=new RegExp(\"^https?:$\",\"i\"),i=0;i<o.length;i++)o[i].style.display=\"none\";for(i=0;i<a.length;i++)s=a[i],e.source===s.contentWindow&&(s.removeAttribute(\"style\"),\"height\"===t.message?(1e3<(r=parseInt(t.value,10))?r=1e3:~~r<200&&(r=200),s.height=r):\"link\"===t.message&&(r=new URL(s.getAttribute(\"src\")),n=new URL(t.value),c.test(n.protocol))&&n.host===r.host&&l.activeElement===s&&(d.top.location.href=t.value))}},d.addEventListener(\"message\",d.wp.receiveEmbedMessage,!1),l.addEventListener(\"DOMContentLoaded\",function(){for(var e,t,s=l.querySelectorAll(\"iframe.wp-embedded-content\"),r=0;r<s.length;r++)(t=(e=s[r]).getAttribute(\"data-secret\"))||(t=Math.random().toString(36).substring(2,12),e.src+=\"#?secret=\"+t,e.setAttribute(\"data-secret\",t)),e.contentWindow.postMessage({message:\"ready\",secret:t},\"*\")},!1)))}(window,document);\n<\/script>\n","description":"Na przek\u00f3r zimie, kt\u00f3ra &#8211;\u00a0ku rado\u015bci jednych, a niezadowoleniu innych &#8211;\u00a0w tym roku nader oszcz\u0119dnie obdarza nas \u015bniegiem, dnia 25 stycznia organizujemy kulig dla dzieci osieroconych wraz z opiekunami. Zbi\u00f3rka wszystkich uczestnik\u00f3w, wyposa\u017conych obowi\u0105zkowo w dobre humory, o godzinie 9.50 przy OSP Cieszyn-Mnisztwo, a chwil\u0119 p\u00f3\u017aniej &#8211; o 10.00 na Hajduka. Planowany powr\u00f3t oko\u0142o godziny ... Weiterlesen","thumbnail_url":"https:\/\/www.hospicjumcieszyn.pl\/wp-content\/uploads\/2015\/10\/logo_250x250.png","thumbnail_width":250,"thumbnail_height":250}

Kulig dla dzieciaków - Evangelisten-Lukas-Hospiz in Cieszyn

<blockquote class="wp-embedded-content" data-secret="H6EgIWD8PM"><a href="https://www.hospicjumcieszyn.pl/de/kulig-dla-dzieciakow/">Kulig dla dzieciaków</a></blockquote><iframe sandbox="allow-scripts" security="restricted" src="https://www.hospicjumcieszyn.pl/de/kulig-dla-dzieciakow/embed/#?secret=H6EgIWD8PM" width="600" height="338" title="&#8222;Kulig dla dzieciaków&#8220; &#8211; Evangelisten-Lukas-Hospiz in Cieszyn" data-secret="H6EgIWD8PM" frameborder="0" marginwidth="0" marginheight="0" scrolling="no" class="wp-embedded-content"></iframe><script>
/*! This file is auto-generated */
!function(d,l){"use strict";l.querySelector&&d.addEventListener&&"undefined"!=typeof URL&&(d.wp=d.wp||{},d.wp.receiveEmbedMessage||(d.wp.receiveEmbedMessage=function(e){var t=e.data;if((t||t.secret||t.message||t.value)&&!/[^a-zA-Z0-9]/.test(t.secret)){for(var s,r,n,a=l.querySelectorAll('iframe[data-secret="'+t.secret+'"]'),o=l.querySelectorAll('blockquote[data-secret="'+t.secret+'"]'),c=new RegExp("^https?:$","i"),i=0;i<o.length;i++)o[i].style.display="none";for(i=0;i<a.length;i++)s=a[i],e.source===s.contentWindow&&(s.removeAttribute("style"),"height"===t.message?(1e3<(r=parseInt(t.value,10))?r=1e3:~~r<200&&(r=200),s.height=r):"link"===t.message&&(r=new URL(s.getAttribute("src")),n=new URL(t.value),c.test(n.protocol))&&n.host===r.host&&l.activeElement===s&&(d.top.location.href=t.value))}},d.addEventListener("message",d.wp.receiveEmbedMessage,!1),l.addEventListener("DOMContentLoaded",function(){for(var e,t,s=l.querySelectorAll("iframe.wp-embedded-content"),r=0;r<s.length;r++)(t=(e=s[r]).getAttribute("data-secret"))||(t=Math.random().toString(36).substring(2,12),e.src+="#?secret="+t,e.setAttribute("data-secret",t)),e.contentWindow.postMessage({message:"ready",secret:t},"*")},!1)))}(window,document);
</script>

Na przekór zimie, która &#8211; ku radości jednych, a niezadowoleniu innych &#8211; w tym roku nader oszczędnie obdarza nas śniegiem, dnia 25 stycznia organizujemy kulig dla dzieci osieroconych wraz z opiekunami. Zbiórka wszystkich uczestników, wyposażonych obowiązkowo w dobre humory, o godzinie 9.50 przy OSP Cieszyn-Mnisztwo, a chwilę później &#8211; o 10.00 na Hajduka. Planowany powrót około godziny ... Weiterlesen
