{"version":"1.0","provider_name":"Evangelisten-Lukas-Hospiz in Cieszyn","provider_url":"https:\/\/www.hospicjumcieszyn.pl\/de\/","author_name":"Daria Czardybon","author_url":"https:\/\/www.hospicjumcieszyn.pl\/de\/author\/daria\/","title":"Nowy kapelan w Hospicjum - Evangelisten-Lukas-Hospiz in Cieszyn","type":"rich","width":600,"height":338,"html":"<blockquote class=\"wp-embedded-content\" data-secret=\"wkQCqkBkvT\"><a href=\"https:\/\/www.hospicjumcieszyn.pl\/de\/nowy-kapelan-hospicjum\/\">Nowy kapelan w Hospicjum<\/a><\/blockquote><iframe sandbox=\"allow-scripts\" security=\"restricted\" src=\"https:\/\/www.hospicjumcieszyn.pl\/de\/nowy-kapelan-hospicjum\/embed\/#?secret=wkQCqkBkvT\" width=\"600\" height=\"338\" title=\"&#8222;Nowy kapelan w Hospicjum&#8220; &#8211; Evangelisten-Lukas-Hospiz in Cieszyn\" data-secret=\"wkQCqkBkvT\" frameborder=\"0\" marginwidth=\"0\" marginheight=\"0\" scrolling=\"no\" class=\"wp-embedded-content\"><\/iframe><script>\n\/*! This file is auto-generated *\/\n!function(d,l){\"use strict\";l.querySelector&&d.addEventListener&&\"undefined\"!=typeof URL&&(d.wp=d.wp||{},d.wp.receiveEmbedMessage||(d.wp.receiveEmbedMessage=function(e){var t=e.data;if((t||t.secret||t.message||t.value)&&!\/[^a-zA-Z0-9]\/.test(t.secret)){for(var s,r,n,a=l.querySelectorAll('iframe[data-secret=\"'+t.secret+'\"]'),o=l.querySelectorAll('blockquote[data-secret=\"'+t.secret+'\"]'),c=new RegExp(\"^https?:$\",\"i\"),i=0;i<o.length;i++)o[i].style.display=\"none\";for(i=0;i<a.length;i++)s=a[i],e.source===s.contentWindow&&(s.removeAttribute(\"style\"),\"height\"===t.message?(1e3<(r=parseInt(t.value,10))?r=1e3:~~r<200&&(r=200),s.height=r):\"link\"===t.message&&(r=new URL(s.getAttribute(\"src\")),n=new URL(t.value),c.test(n.protocol))&&n.host===r.host&&l.activeElement===s&&(d.top.location.href=t.value))}},d.addEventListener(\"message\",d.wp.receiveEmbedMessage,!1),l.addEventListener(\"DOMContentLoaded\",function(){for(var e,t,s=l.querySelectorAll(\"iframe.wp-embedded-content\"),r=0;r<s.length;r++)(t=(e=s[r]).getAttribute(\"data-secret\"))||(t=Math.random().toString(36).substring(2,12),e.src+=\"#?secret=\"+t,e.setAttribute(\"data-secret\",t)),e.contentWindow.postMessage({message:\"ready\",secret:t},\"*\")},!1)))}(window,document);\n<\/script>\n","thumbnail_url":"https:\/\/www.hospicjumcieszyn.pl\/wp-content\/uploads\/2014\/10\/100_0646_1.jpg","thumbnail_width":1024,"thumbnail_height":794,"description":"Od 1 wrze\u015bnia, po zmianach personalnych u cieszy\u0144skich oo. franciszkan\u00f3w, nasze Hospicjum ma nowego kapelana. Jest nim o.\u00a0Rafa\u0142 Kogut. Wolontariusze znaj\u0105 ju\u017c tego kap\u0142ana, poniewa\u017c od roku pomaga\u0142 o. Symplicjuszowi. Powitali\u015bmy go na pierwszym, wrze\u015bniowym zebraniu. O. Rafa\u0142 duszpasterzuje r\u00f3wnie\u017c w Zak\u0142adzie Karnym i prowadzi rekolekcje ze wsp\u00f3lnot\u0105 &#8220;Obdarowani&#8221;."}

Od 1 września, po zmianach personalnych u cieszyńskich oo. franciszkanów, nasze Hospicjum ma nowego kapelana. Jest nim o. Rafał Kogut. Wolontariusze znają już tego kapłana, ponieważ od roku pomagał o. Symplicjuszowi. Powitaliśmy go na pierwszym, wrześniowym zebraniu. O. Rafał duszpasterzuje również w Zakładzie Karnym i prowadzi rekolekcje ze wspólnotą &#8220;Obdarowani&#8221;.
