{"version":"1.0","provider_name":"Evangelisten-Lukas-Hospiz in Cieszyn","provider_url":"https:\/\/www.hospicjumcieszyn.pl\/de\/","author_name":"Daria Czardybon","author_url":"https:\/\/www.hospicjumcieszyn.pl\/de\/author\/daria\/","title":"Orszak Trzech Kr\u00f3li - Evangelisten-Lukas-Hospiz in Cieszyn","type":"rich","width":600,"height":338,"html":"<blockquote class=\"wp-embedded-content\" data-secret=\"XgZrC2hO6y\"><a href=\"https:\/\/www.hospicjumcieszyn.pl\/de\/orszak-trzech-kroli\/\">Orszak Trzech Kr\u00f3li<\/a><\/blockquote><iframe sandbox=\"allow-scripts\" security=\"restricted\" src=\"https:\/\/www.hospicjumcieszyn.pl\/de\/orszak-trzech-kroli\/embed\/#?secret=XgZrC2hO6y\" width=\"600\" height=\"338\" title=\"&#8222;Orszak Trzech Kr\u00f3li&#8220; &#8211; Evangelisten-Lukas-Hospiz in Cieszyn\" data-secret=\"XgZrC2hO6y\" frameborder=\"0\" marginwidth=\"0\" marginheight=\"0\" scrolling=\"no\" class=\"wp-embedded-content\"><\/iframe><script>\n\/*! This file is auto-generated *\/\n!function(d,l){\"use strict\";l.querySelector&&d.addEventListener&&\"undefined\"!=typeof URL&&(d.wp=d.wp||{},d.wp.receiveEmbedMessage||(d.wp.receiveEmbedMessage=function(e){var t=e.data;if((t||t.secret||t.message||t.value)&&!\/[^a-zA-Z0-9]\/.test(t.secret)){for(var s,r,n,a=l.querySelectorAll('iframe[data-secret=\"'+t.secret+'\"]'),o=l.querySelectorAll('blockquote[data-secret=\"'+t.secret+'\"]'),c=new RegExp(\"^https?:$\",\"i\"),i=0;i<o.length;i++)o[i].style.display=\"none\";for(i=0;i<a.length;i++)s=a[i],e.source===s.contentWindow&&(s.removeAttribute(\"style\"),\"height\"===t.message?(1e3<(r=parseInt(t.value,10))?r=1e3:~~r<200&&(r=200),s.height=r):\"link\"===t.message&&(r=new URL(s.getAttribute(\"src\")),n=new URL(t.value),c.test(n.protocol))&&n.host===r.host&&l.activeElement===s&&(d.top.location.href=t.value))}},d.addEventListener(\"message\",d.wp.receiveEmbedMessage,!1),l.addEventListener(\"DOMContentLoaded\",function(){for(var e,t,s=l.querySelectorAll(\"iframe.wp-embedded-content\"),r=0;r<s.length;r++)(t=(e=s[r]).getAttribute(\"data-secret\"))||(t=Math.random().toString(36).substring(2,12),e.src+=\"#?secret=\"+t,e.setAttribute(\"data-secret\",t)),e.contentWindow.postMessage({message:\"ready\",secret:t},\"*\")},!1)))}(window,document);\n<\/script>\n","thumbnail_url":"https:\/\/www.hospicjumcieszyn.pl\/wp-content\/uploads\/2015\/01\/Zaproszenie.jpg","thumbnail_width":557,"thumbnail_height":404,"description":"Ju\u017c niebawem, bo 6 stycznia, obchodzimy jedno z najstarszych \u015bwi\u0105t chrze\u015bcija\u0144skich &#8211; \u015awi\u0119to Objawienia Pa\u0144skiego, zwane popularnie \u015bwi\u0119tem Trzech Kr\u00f3li. Z tej okazji coraz bardziej popularny staje si\u0119 w naszym kraju tzw. Orszak Trzech Kr\u00f3li, organizowany w blisko dwustu miejscowo\u015bciach w Polsce ju\u017c po raz si\u00f3dmy. W tym roku po raz pierwszy tak\u017ce Cieszyn w\u0142\u0105czy\u0142 ... Weiterlesen"}

Orszak Trzech Króli - Evangelisten-Lukas-Hospiz in Cieszyn

<blockquote class="wp-embedded-content" data-secret="XgZrC2hO6y"><a href="https://www.hospicjumcieszyn.pl/de/orszak-trzech-kroli/">Orszak Trzech Króli</a></blockquote><iframe sandbox="allow-scripts" security="restricted" src="https://www.hospicjumcieszyn.pl/de/orszak-trzech-kroli/embed/#?secret=XgZrC2hO6y" width="600" height="338" title="&#8222;Orszak Trzech Króli&#8220; &#8211; Evangelisten-Lukas-Hospiz in Cieszyn" data-secret="XgZrC2hO6y" frameborder="0" marginwidth="0" marginheight="0" scrolling="no" class="wp-embedded-content"></iframe><script>
/*! This file is auto-generated */
!function(d,l){"use strict";l.querySelector&&d.addEventListener&&"undefined"!=typeof URL&&(d.wp=d.wp||{},d.wp.receiveEmbedMessage||(d.wp.receiveEmbedMessage=function(e){var t=e.data;if((t||t.secret||t.message||t.value)&&!/[^a-zA-Z0-9]/.test(t.secret)){for(var s,r,n,a=l.querySelectorAll('iframe[data-secret="'+t.secret+'"]'),o=l.querySelectorAll('blockquote[data-secret="'+t.secret+'"]'),c=new RegExp("^https?:$","i"),i=0;i<o.length;i++)o[i].style.display="none";for(i=0;i<a.length;i++)s=a[i],e.source===s.contentWindow&&(s.removeAttribute("style"),"height"===t.message?(1e3<(r=parseInt(t.value,10))?r=1e3:~~r<200&&(r=200),s.height=r):"link"===t.message&&(r=new URL(s.getAttribute("src")),n=new URL(t.value),c.test(n.protocol))&&n.host===r.host&&l.activeElement===s&&(d.top.location.href=t.value))}},d.addEventListener("message",d.wp.receiveEmbedMessage,!1),l.addEventListener("DOMContentLoaded",function(){for(var e,t,s=l.querySelectorAll("iframe.wp-embedded-content"),r=0;r<s.length;r++)(t=(e=s[r]).getAttribute("data-secret"))||(t=Math.random().toString(36).substring(2,12),e.src+="#?secret="+t,e.setAttribute("data-secret",t)),e.contentWindow.postMessage({message:"ready",secret:t},"*")},!1)))}(window,document);
</script>

Już niebawem, bo 6 stycznia, obchodzimy jedno z najstarszych świąt chrześcijańskich &#8211; Święto Objawienia Pańskiego, zwane popularnie świętem Trzech Króli. Z tej okazji coraz bardziej popularny staje się w naszym kraju tzw. Orszak Trzech Króli, organizowany w blisko dwustu miejscowościach w Polsce już po raz siódmy. W tym roku po raz pierwszy także Cieszyn włączył ... Weiterlesen
