{"version":"1.0","provider_name":"Evangelisten-Lukas-Hospiz in Cieszyn","provider_url":"https:\/\/www.hospicjumcieszyn.pl\/de\/","author_name":"Mateusz","author_url":"https:\/\/www.hospicjumcieszyn.pl\/de\/author\/matczar\/","title":"Ostrawa zdobyta! - Evangelisten-Lukas-Hospiz in Cieszyn","type":"rich","width":600,"height":338,"html":"<blockquote class=\"wp-embedded-content\" data-secret=\"4QdlBAoXRs\"><a href=\"https:\/\/www.hospicjumcieszyn.pl\/de\/ostrawa-zdobyta\/\">Ostrawa zdobyta!<\/a><\/blockquote><iframe sandbox=\"allow-scripts\" security=\"restricted\" src=\"https:\/\/www.hospicjumcieszyn.pl\/de\/ostrawa-zdobyta\/embed\/#?secret=4QdlBAoXRs\" width=\"600\" height=\"338\" title=\"&#8222;Ostrawa zdobyta!&#8220; &#8211; Evangelisten-Lukas-Hospiz in Cieszyn\" data-secret=\"4QdlBAoXRs\" frameborder=\"0\" marginwidth=\"0\" marginheight=\"0\" scrolling=\"no\" class=\"wp-embedded-content\"><\/iframe><script>\n\/*! This file is auto-generated *\/\n!function(d,l){\"use strict\";l.querySelector&&d.addEventListener&&\"undefined\"!=typeof URL&&(d.wp=d.wp||{},d.wp.receiveEmbedMessage||(d.wp.receiveEmbedMessage=function(e){var t=e.data;if((t||t.secret||t.message||t.value)&&!\/[^a-zA-Z0-9]\/.test(t.secret)){for(var s,r,n,a=l.querySelectorAll('iframe[data-secret=\"'+t.secret+'\"]'),o=l.querySelectorAll('blockquote[data-secret=\"'+t.secret+'\"]'),c=new RegExp(\"^https?:$\",\"i\"),i=0;i<o.length;i++)o[i].style.display=\"none\";for(i=0;i<a.length;i++)s=a[i],e.source===s.contentWindow&&(s.removeAttribute(\"style\"),\"height\"===t.message?(1e3<(r=parseInt(t.value,10))?r=1e3:~~r<200&&(r=200),s.height=r):\"link\"===t.message&&(r=new URL(s.getAttribute(\"src\")),n=new URL(t.value),c.test(n.protocol))&&n.host===r.host&&l.activeElement===s&&(d.top.location.href=t.value))}},d.addEventListener(\"message\",d.wp.receiveEmbedMessage,!1),l.addEventListener(\"DOMContentLoaded\",function(){for(var e,t,s=l.querySelectorAll(\"iframe.wp-embedded-content\"),r=0;r<s.length;r++)(t=(e=s[r]).getAttribute(\"data-secret\"))||(t=Math.random().toString(36).substring(2,12),e.src+=\"#?secret=\"+t,e.setAttribute(\"data-secret\",t)),e.contentWindow.postMessage({message:\"ready\",secret:t},\"*\")},!1)))}(window,document);\n<\/script>\n","description":"Tak. I to wcale nie s\u0105 \u017carty. 17 czerwca zorganizowali\u015bmy wycieczk\u0119 do ZOO w Ostrawie dla dzieci osieroconych przez naszych pacjent\u00f3w. To by\u0142o co\u015b wspania\u0142ego! Ju\u017c na pocz\u0105tku, po przyje\u017adzie, powita\u0142o nas stado flaming\u00f3w, a potem zacz\u0119\u0142o si\u0119&#8230; zwierz\u0119ta domowe i dzikie, paj\u0105ki, szympansy, \u017cyrafy, w\u0119\u017ce, barwne ptaki i tak mo\u017cna by wymienia\u0107 w niesko\u0144czono\u015b\u0107. ... Weiterlesen","thumbnail_url":"https:\/\/www.hospicjumcieszyn.pl\/wp-content\/uploads\/2013\/02\/111-363x272.jpg"}

Tak. I to wcale nie są żarty. 17 czerwca zorganizowaliśmy wycieczkę do ZOO w Ostrawie dla dzieci osieroconych przez naszych pacjentów. To było coś wspaniałego! Już na początku, po przyjeździe, powitało nas stado flamingów, a potem zaczęło się&#8230; zwierzęta domowe i dzikie, pająki, szympansy, żyrafy, węże, barwne ptaki i tak można by wymieniać w nieskończoność. ... Weiterlesen
