{"version":"1.0","provider_name":"Evangelisten-Lukas-Hospiz in Cieszyn","provider_url":"https:\/\/www.hospicjumcieszyn.pl\/de\/","author_name":"Daria Czardybon","author_url":"https:\/\/www.hospicjumcieszyn.pl\/de\/author\/daria\/","title":"Remontujemy - Evangelisten-Lukas-Hospiz in Cieszyn","type":"rich","width":600,"height":338,"html":"<blockquote class=\"wp-embedded-content\" data-secret=\"vdy2wfen4M\"><a href=\"https:\/\/www.hospicjumcieszyn.pl\/de\/remontujemy\/\">Remontujemy<\/a><\/blockquote><iframe sandbox=\"allow-scripts\" security=\"restricted\" src=\"https:\/\/www.hospicjumcieszyn.pl\/de\/remontujemy\/embed\/#?secret=vdy2wfen4M\" width=\"600\" height=\"338\" title=\"&#8222;Remontujemy&#8220; &#8211; Evangelisten-Lukas-Hospiz in Cieszyn\" data-secret=\"vdy2wfen4M\" frameborder=\"0\" marginwidth=\"0\" marginheight=\"0\" scrolling=\"no\" class=\"wp-embedded-content\"><\/iframe><script>\n\/*! This file is auto-generated *\/\n!function(d,l){\"use strict\";l.querySelector&&d.addEventListener&&\"undefined\"!=typeof URL&&(d.wp=d.wp||{},d.wp.receiveEmbedMessage||(d.wp.receiveEmbedMessage=function(e){var t=e.data;if((t||t.secret||t.message||t.value)&&!\/[^a-zA-Z0-9]\/.test(t.secret)){for(var s,r,n,a=l.querySelectorAll('iframe[data-secret=\"'+t.secret+'\"]'),o=l.querySelectorAll('blockquote[data-secret=\"'+t.secret+'\"]'),c=new RegExp(\"^https?:$\",\"i\"),i=0;i<o.length;i++)o[i].style.display=\"none\";for(i=0;i<a.length;i++)s=a[i],e.source===s.contentWindow&&(s.removeAttribute(\"style\"),\"height\"===t.message?(1e3<(r=parseInt(t.value,10))?r=1e3:~~r<200&&(r=200),s.height=r):\"link\"===t.message&&(r=new URL(s.getAttribute(\"src\")),n=new URL(t.value),c.test(n.protocol))&&n.host===r.host&&l.activeElement===s&&(d.top.location.href=t.value))}},d.addEventListener(\"message\",d.wp.receiveEmbedMessage,!1),l.addEventListener(\"DOMContentLoaded\",function(){for(var e,t,s=l.querySelectorAll(\"iframe.wp-embedded-content\"),r=0;r<s.length;r++)(t=(e=s[r]).getAttribute(\"data-secret\"))||(t=Math.random().toString(36).substring(2,12),e.src+=\"#?secret=\"+t,e.setAttribute(\"data-secret\",t)),e.contentWindow.postMessage({message:\"ready\",secret:t},\"*\")},!1)))}(window,document);\n<\/script>\n","thumbnail_url":"https:\/\/www.hospicjumcieszyn.pl\/wp-content\/uploads\/2015\/08\/28052015j.jpg","thumbnail_width":640,"thumbnail_height":480,"description":"Tegoroczna wiosna i lato up\u0142ywaj\u0105\u00a0w Hospicjum pod znakiem remont\u00f3w. Po ponad dziesi\u0119ciu latach u\u017cywania lokalu biurowego i nieco kr\u00f3tszym czasie magazynu Zarz\u0105d zdecydowa\u0142 o przeprowadzeniu prac remontowych. Przy du\u017cym udziale ekipy ZBM Cieszyn uda\u0142o si\u0119 wymalowa\u0107 pomieszczenia na ul. Katowickiej (magazyn sprz\u0119tu), gdzie zakupili\u015bmy szaf\u0119 dostosowan\u0105 do naszych potrzeb. Natomiast\u00a0w biurze na ul. W\u0105skiej 2a ... Weiterlesen"}

Tegoroczna wiosna i lato upływają w Hospicjum pod znakiem remontów. Po ponad dziesięciu latach używania lokalu biurowego i nieco krótszym czasie magazynu Zarząd zdecydował o przeprowadzeniu prac remontowych. Przy dużym udziale ekipy ZBM Cieszyn udało się wymalować pomieszczenia na ul. Katowickiej (magazyn sprzętu), gdzie zakupiliśmy szafę dostosowaną do naszych potrzeb. Natomiast w biurze na ul. Wąskiej 2a ... Weiterlesen
