{"version":"1.0","provider_name":"Luke Evangelist Hospice in Cieszyn","provider_url":"https:\/\/www.hospicjumcieszyn.pl\/en\/","author_name":"Daria Czardybon","author_url":"https:\/\/www.hospicjumcieszyn.pl\/en\/author\/daria\/","title":"Cieszynianka dla naszej Halinki - Luke Evangelist Hospice in Cieszyn","type":"rich","width":600,"height":338,"html":"<blockquote class=\"wp-embedded-content\" data-secret=\"XD9t0uHkQZ\"><a href=\"https:\/\/www.hospicjumcieszyn.pl\/en\/cieszynianka-naszej-halinki\/\">Cieszynianka dla naszej Halinki<\/a><\/blockquote><iframe sandbox=\"allow-scripts\" security=\"restricted\" src=\"https:\/\/www.hospicjumcieszyn.pl\/en\/cieszynianka-naszej-halinki\/embed\/#?secret=XD9t0uHkQZ\" width=\"600\" height=\"338\" title=\"&#8220;Cieszynianka dla naszej Halinki&#8221; &#8212; Luke Evangelist Hospice in Cieszyn\" data-secret=\"XD9t0uHkQZ\" frameborder=\"0\" marginwidth=\"0\" marginheight=\"0\" scrolling=\"no\" class=\"wp-embedded-content\"><\/iframe><script>\n\/*! This file is auto-generated *\/\n!function(d,l){\"use strict\";l.querySelector&&d.addEventListener&&\"undefined\"!=typeof URL&&(d.wp=d.wp||{},d.wp.receiveEmbedMessage||(d.wp.receiveEmbedMessage=function(e){var t=e.data;if((t||t.secret||t.message||t.value)&&!\/[^a-zA-Z0-9]\/.test(t.secret)){for(var s,r,n,a=l.querySelectorAll('iframe[data-secret=\"'+t.secret+'\"]'),o=l.querySelectorAll('blockquote[data-secret=\"'+t.secret+'\"]'),c=new RegExp(\"^https?:$\",\"i\"),i=0;i<o.length;i++)o[i].style.display=\"none\";for(i=0;i<a.length;i++)s=a[i],e.source===s.contentWindow&&(s.removeAttribute(\"style\"),\"height\"===t.message?(1e3<(r=parseInt(t.value,10))?r=1e3:~~r<200&&(r=200),s.height=r):\"link\"===t.message&&(r=new URL(s.getAttribute(\"src\")),n=new URL(t.value),c.test(n.protocol))&&n.host===r.host&&l.activeElement===s&&(d.top.location.href=t.value))}},d.addEventListener(\"message\",d.wp.receiveEmbedMessage,!1),l.addEventListener(\"DOMContentLoaded\",function(){for(var e,t,s=l.querySelectorAll(\"iframe.wp-embedded-content\"),r=0;r<s.length;r++)(t=(e=s[r]).getAttribute(\"data-secret\"))||(t=Math.random().toString(36).substring(2,12),e.src+=\"#?secret=\"+t,e.setAttribute(\"data-secret\",t)),e.contentWindow.postMessage({message:\"ready\",secret:t},\"*\")},!1)))}(window,document);\n<\/script>\n","thumbnail_url":"https:\/\/www.hospicjumcieszyn.pl\/wp-content\/uploads\/2014\/11\/IMG_0771.jpg","thumbnail_width":1024,"thumbnail_height":682,"description":"Jeste\u015bmy dumni, \u017ce nasza kole\u017canka z Hospicjum zosta\u0142a wyr\u00f3\u017cniona wyj\u0105tkow\u0105 na \u015al\u0105sku Cieszy\u0144skim nagrod\u0105:\u00a0&#8220;Srebrn\u0105 Cieszyniank\u0105&#8221;. Zg\u0142osili\u015bmy jej kandydatur\u0119, poniewa\u017c od kilkunastu lat zajmuje si\u0119 dzie\u0107mi chorymi w naszym Hospicjum, a w szczeg\u00f3lno\u015bci ma pod opiek\u0105 dzieci osierocone przez naszych pacjent\u00f3w. Je\u015bli kto\u015b \u015bledzi wpisy na stronie Hospicjum, to mo\u017ce \u0142atwo zauwa\u017cy\u0107, \u017ce Halina Sajdok-\u017by\u0142a to ... Read more"}

Jesteśmy dumni, że nasza koleżanka z Hospicjum została wyróżniona wyjątkową na Śląsku Cieszyńskim nagrodą: &#8220;Srebrną Cieszynianką&#8221;. Zgłosiliśmy jej kandydaturę, ponieważ od kilkunastu lat zajmuje się dziećmi chorymi w naszym Hospicjum, a w szczególności ma pod opieką dzieci osierocone przez naszych pacjentów. Jeśli ktoś śledzi wpisy na stronie Hospicjum, to może łatwo zauważyć, że Halina Sajdok-Żyła to ... Read more
