{"version":"1.0","provider_name":"Luke Evangelist Hospice in Cieszyn","provider_url":"https:\/\/www.hospicjumcieszyn.pl\/en\/","author_name":"Daria Czardybon","author_url":"https:\/\/www.hospicjumcieszyn.pl\/en\/author\/daria\/","title":"Krakowskie podsumowanie P\u00f3l Nadziei - Luke Evangelist Hospice in Cieszyn","type":"rich","width":600,"height":338,"html":"<blockquote class=\"wp-embedded-content\" data-secret=\"O2Ma45fFa8\"><a href=\"https:\/\/www.hospicjumcieszyn.pl\/en\/krakowskie-podsumowanie-pol-nadziei\/\">Krakowskie podsumowanie P\u00f3l Nadziei<\/a><\/blockquote><iframe sandbox=\"allow-scripts\" security=\"restricted\" src=\"https:\/\/www.hospicjumcieszyn.pl\/en\/krakowskie-podsumowanie-pol-nadziei\/embed\/#?secret=O2Ma45fFa8\" width=\"600\" height=\"338\" title=\"&#8220;Krakowskie podsumowanie P\u00f3l Nadziei&#8221; &#8212; Luke Evangelist Hospice in Cieszyn\" data-secret=\"O2Ma45fFa8\" frameborder=\"0\" marginwidth=\"0\" marginheight=\"0\" scrolling=\"no\" class=\"wp-embedded-content\"><\/iframe><script>\n\/*! This file is auto-generated *\/\n!function(d,l){\"use strict\";l.querySelector&&d.addEventListener&&\"undefined\"!=typeof URL&&(d.wp=d.wp||{},d.wp.receiveEmbedMessage||(d.wp.receiveEmbedMessage=function(e){var t=e.data;if((t||t.secret||t.message||t.value)&&!\/[^a-zA-Z0-9]\/.test(t.secret)){for(var s,r,n,a=l.querySelectorAll('iframe[data-secret=\"'+t.secret+'\"]'),o=l.querySelectorAll('blockquote[data-secret=\"'+t.secret+'\"]'),c=new RegExp(\"^https?:$\",\"i\"),i=0;i<o.length;i++)o[i].style.display=\"none\";for(i=0;i<a.length;i++)s=a[i],e.source===s.contentWindow&&(s.removeAttribute(\"style\"),\"height\"===t.message?(1e3<(r=parseInt(t.value,10))?r=1e3:~~r<200&&(r=200),s.height=r):\"link\"===t.message&&(r=new URL(s.getAttribute(\"src\")),n=new URL(t.value),c.test(n.protocol))&&n.host===r.host&&l.activeElement===s&&(d.top.location.href=t.value))}},d.addEventListener(\"message\",d.wp.receiveEmbedMessage,!1),l.addEventListener(\"DOMContentLoaded\",function(){for(var e,t,s=l.querySelectorAll(\"iframe.wp-embedded-content\"),r=0;r<s.length;r++)(t=(e=s[r]).getAttribute(\"data-secret\"))||(t=Math.random().toString(36).substring(2,12),e.src+=\"#?secret=\"+t,e.setAttribute(\"data-secret\",t)),e.contentWindow.postMessage({message:\"ready\",secret:t},\"*\")},!1)))}(window,document);\n<\/script>\n","thumbnail_url":"https:\/\/www.hospicjumcieszyn.pl\/wp-content\/uploads\/2014\/07\/100_9918.jpg","thumbnail_width":1024,"thumbnail_height":768,"description":"W dniach 5 i 6 lipca odby\u0142o si\u0119 w Krakowie w Hospicjum \u015bw. \u0141azarza podsumowanie tegorocznej edycji P\u00f3l Nadziei. Pierwszy dzie\u0144 tradycyjnie ma na celu prezentacj\u0119 podj\u0119tych dzia\u0142a\u0144 i wymian\u0119 do\u015bwiadcze\u0144 pomi\u0119dzy &#8220;\u017bonkilowymi Hospicjami&#8221;. W tym roku by\u0142o ich w Krakowie\u00a0pi\u0119tna\u015bcie. Nie mog\u0142o tak\u017ce zabrakn\u0105\u0107 i nas &#8211; nasze Hospicjum \u00a0reprezentowa\u0142y wolontariuszki Halina Sajdok-\u017by\u0142a i ... Read more"}

Krakowskie podsumowanie Pól Nadziei - Luke Evangelist Hospice in Cieszyn

<blockquote class="wp-embedded-content" data-secret="O2Ma45fFa8"><a href="https://www.hospicjumcieszyn.pl/en/krakowskie-podsumowanie-pol-nadziei/">Krakowskie podsumowanie Pól Nadziei</a></blockquote><iframe sandbox="allow-scripts" security="restricted" src="https://www.hospicjumcieszyn.pl/en/krakowskie-podsumowanie-pol-nadziei/embed/#?secret=O2Ma45fFa8" width="600" height="338" title="&#8220;Krakowskie podsumowanie Pól Nadziei&#8221; &#8212; Luke Evangelist Hospice in Cieszyn" data-secret="O2Ma45fFa8" frameborder="0" marginwidth="0" marginheight="0" scrolling="no" class="wp-embedded-content"></iframe><script>
/*! This file is auto-generated */
!function(d,l){"use strict";l.querySelector&&d.addEventListener&&"undefined"!=typeof URL&&(d.wp=d.wp||{},d.wp.receiveEmbedMessage||(d.wp.receiveEmbedMessage=function(e){var t=e.data;if((t||t.secret||t.message||t.value)&&!/[^a-zA-Z0-9]/.test(t.secret)){for(var s,r,n,a=l.querySelectorAll('iframe[data-secret="'+t.secret+'"]'),o=l.querySelectorAll('blockquote[data-secret="'+t.secret+'"]'),c=new RegExp("^https?:$","i"),i=0;i<o.length;i++)o[i].style.display="none";for(i=0;i<a.length;i++)s=a[i],e.source===s.contentWindow&&(s.removeAttribute("style"),"height"===t.message?(1e3<(r=parseInt(t.value,10))?r=1e3:~~r<200&&(r=200),s.height=r):"link"===t.message&&(r=new URL(s.getAttribute("src")),n=new URL(t.value),c.test(n.protocol))&&n.host===r.host&&l.activeElement===s&&(d.top.location.href=t.value))}},d.addEventListener("message",d.wp.receiveEmbedMessage,!1),l.addEventListener("DOMContentLoaded",function(){for(var e,t,s=l.querySelectorAll("iframe.wp-embedded-content"),r=0;r<s.length;r++)(t=(e=s[r]).getAttribute("data-secret"))||(t=Math.random().toString(36).substring(2,12),e.src+="#?secret="+t,e.setAttribute("data-secret",t)),e.contentWindow.postMessage({message:"ready",secret:t},"*")},!1)))}(window,document);
</script>

W dniach 5 i 6 lipca odbyło się w Krakowie w Hospicjum św. Łazarza podsumowanie tegorocznej edycji Pól Nadziei. Pierwszy dzień tradycyjnie ma na celu prezentację podjętych działań i wymianę doświadczeń pomiędzy &#8220;Żonkilowymi Hospicjami&#8221;. W tym roku było ich w Krakowie piętnaście. Nie mogło także zabraknąć i nas &#8211; nasze Hospicjum  reprezentowały wolontariuszki Halina Sajdok-Żyła i ... Read more
