{"version":"1.0","provider_name":"Luke Evangelist Hospice in Cieszyn","provider_url":"https:\/\/www.hospicjumcieszyn.pl\/en\/","author_name":"Mateusz","author_url":"https:\/\/www.hospicjumcieszyn.pl\/en\/author\/matczar\/","title":"Zmiana terminu comiesi\u0119cznych zebra\u0144 - Luke Evangelist Hospice in Cieszyn","type":"rich","width":600,"height":338,"html":"<blockquote class=\"wp-embedded-content\" data-secret=\"Kr65DulYbt\"><a href=\"https:\/\/www.hospicjumcieszyn.pl\/en\/zmiana-terminu-comiesiecznych-zebran\/\">Zmiana terminu comiesi\u0119cznych zebra\u0144<\/a><\/blockquote><iframe sandbox=\"allow-scripts\" security=\"restricted\" src=\"https:\/\/www.hospicjumcieszyn.pl\/en\/zmiana-terminu-comiesiecznych-zebran\/embed\/#?secret=Kr65DulYbt\" width=\"600\" height=\"338\" title=\"&#8220;Zmiana terminu comiesi\u0119cznych zebra\u0144&#8221; &#8212; Luke Evangelist Hospice in Cieszyn\" data-secret=\"Kr65DulYbt\" frameborder=\"0\" marginwidth=\"0\" marginheight=\"0\" scrolling=\"no\" class=\"wp-embedded-content\"><\/iframe><script>\n\/*! This file is auto-generated *\/\n!function(d,l){\"use strict\";l.querySelector&&d.addEventListener&&\"undefined\"!=typeof URL&&(d.wp=d.wp||{},d.wp.receiveEmbedMessage||(d.wp.receiveEmbedMessage=function(e){var t=e.data;if((t||t.secret||t.message||t.value)&&!\/[^a-zA-Z0-9]\/.test(t.secret)){for(var s,r,n,a=l.querySelectorAll('iframe[data-secret=\"'+t.secret+'\"]'),o=l.querySelectorAll('blockquote[data-secret=\"'+t.secret+'\"]'),c=new RegExp(\"^https?:$\",\"i\"),i=0;i<o.length;i++)o[i].style.display=\"none\";for(i=0;i<a.length;i++)s=a[i],e.source===s.contentWindow&&(s.removeAttribute(\"style\"),\"height\"===t.message?(1e3<(r=parseInt(t.value,10))?r=1e3:~~r<200&&(r=200),s.height=r):\"link\"===t.message&&(r=new URL(s.getAttribute(\"src\")),n=new URL(t.value),c.test(n.protocol))&&n.host===r.host&&l.activeElement===s&&(d.top.location.href=t.value))}},d.addEventListener(\"message\",d.wp.receiveEmbedMessage,!1),l.addEventListener(\"DOMContentLoaded\",function(){for(var e,t,s=l.querySelectorAll(\"iframe.wp-embedded-content\"),r=0;r<s.length;r++)(t=(e=s[r]).getAttribute(\"data-secret\"))||(t=Math.random().toString(36).substring(2,12),e.src+=\"#?secret=\"+t,e.setAttribute(\"data-secret\",t)),e.contentWindow.postMessage({message:\"ready\",secret:t},\"*\")},!1)))}(window,document);\n<\/script>\n","description":"Informujemy wszystkich zainteresowanych, \u017ce najbli\u017csze spotkanie dla wolontariuszy i sympatyk\u00f3w odb\u0119dzie si\u0119\u00a0w \u015brod\u0119 12 wrze\u015bnia 2018 roku: godz. 18:oo &#8211; Msza \u015bw. w ko\u015bciele \u015bw. Krzy\u017ca godz. 18:3o &#8211; zebranie w klasztorze oo. Franciszkan\u00f3w Od tego roku po wakacjach ustalili\u015bmy, \u017ce msze i zebrania b\u0119d\u0105 odbywa\u0107 si\u0119 w ka\u017cd\u0105 drug\u0105 \u015brod\u0119 miesi\u0105ca.","thumbnail_url":"https:\/\/www.hospicjumcieszyn.pl\/wp-content\/uploads\/2015\/10\/logo_250x250.png","thumbnail_width":250,"thumbnail_height":250}

Zmiana terminu comiesięcznych zebrań - Luke Evangelist Hospice in Cieszyn

<blockquote class="wp-embedded-content" data-secret="Kr65DulYbt"><a href="https://www.hospicjumcieszyn.pl/en/zmiana-terminu-comiesiecznych-zebran/">Zmiana terminu comiesięcznych zebrań</a></blockquote><iframe sandbox="allow-scripts" security="restricted" src="https://www.hospicjumcieszyn.pl/en/zmiana-terminu-comiesiecznych-zebran/embed/#?secret=Kr65DulYbt" width="600" height="338" title="&#8220;Zmiana terminu comiesięcznych zebrań&#8221; &#8212; Luke Evangelist Hospice in Cieszyn" data-secret="Kr65DulYbt" frameborder="0" marginwidth="0" marginheight="0" scrolling="no" class="wp-embedded-content"></iframe><script>
/*! This file is auto-generated */
!function(d,l){"use strict";l.querySelector&&d.addEventListener&&"undefined"!=typeof URL&&(d.wp=d.wp||{},d.wp.receiveEmbedMessage||(d.wp.receiveEmbedMessage=function(e){var t=e.data;if((t||t.secret||t.message||t.value)&&!/[^a-zA-Z0-9]/.test(t.secret)){for(var s,r,n,a=l.querySelectorAll('iframe[data-secret="'+t.secret+'"]'),o=l.querySelectorAll('blockquote[data-secret="'+t.secret+'"]'),c=new RegExp("^https?:$","i"),i=0;i<o.length;i++)o[i].style.display="none";for(i=0;i<a.length;i++)s=a[i],e.source===s.contentWindow&&(s.removeAttribute("style"),"height"===t.message?(1e3<(r=parseInt(t.value,10))?r=1e3:~~r<200&&(r=200),s.height=r):"link"===t.message&&(r=new URL(s.getAttribute("src")),n=new URL(t.value),c.test(n.protocol))&&n.host===r.host&&l.activeElement===s&&(d.top.location.href=t.value))}},d.addEventListener("message",d.wp.receiveEmbedMessage,!1),l.addEventListener("DOMContentLoaded",function(){for(var e,t,s=l.querySelectorAll("iframe.wp-embedded-content"),r=0;r<s.length;r++)(t=(e=s[r]).getAttribute("data-secret"))||(t=Math.random().toString(36).substring(2,12),e.src+="#?secret="+t,e.setAttribute("data-secret",t)),e.contentWindow.postMessage({message:"ready",secret:t},"*")},!1)))}(window,document);
</script>

Informujemy wszystkich zainteresowanych, że najbliższe spotkanie dla wolontariuszy i sympatyków odbędzie się w środę 12 września 2018 roku: godz. 18:oo &#8211; Msza św. w kościele św. Krzyża godz. 18:3o &#8211; zebranie w klasztorze oo. Franciszkanów Od tego roku po wakacjach ustaliliśmy, że msze i zebrania będą odbywać się w każdą drugą środę miesiąca.
